hen r(7) is divided by n.
12
Calculate the remainder when 12 is divided by (-2)/(-8) - 135/(-20).
5
Suppose 2*a - h - h - 74 = 0, 4*h = -4*a + 148. Suppose 0*u - 3*u + 60 = 0. What is the remainder when a is divided by u?
17
Suppose -5*x - 108 = -4*u + 355, -5*u + 4*x = -581. What is the remainder when u is divided by 15?
12
What is the remainder when 10 is divided by (13/26)/(2/24)?
4
Suppose -4*i + 2*k + 102 = 0, -4*k + 2*k - 56 = -2*i. Calculate the remainder when i is divided by 2*(-3)/6*-12.
11
Suppose 4*q - h = 24, -4*q - h + 18 = -2*q. Suppose q + 18 = a. Suppose p = 4*t - 36, -p - 23 = -3*t + 4. What is the remainder when a is divided by t?
7
Let r(y) = y**2 + 8*y + 4. Calculate the remainder when 110 is divided by r(-11).
36
Let a(p) = 19*p - 3. Let w be a(2). Suppose -3*v - 11 + w = 0. Let z(q) = 14*q**3 + q - 1. What is the remainder when z(1) is divided by v?
6
Let n(c) = -c - 1. Let l be n(-9). Suppose 2 = w - l. Calculate the remainder when 27 is divided by w.
7
Let t = -6 + 5. Calculate the remainder when 4 + (1*-2)/t is divided by 4.
2
Let a = -12 + 14. Suppose -4*s = 2*k - 36, -a*k - 8 = -0*k. Calculate the remainder when s is divided by 6.
5
Let q = 2 - -10. Calculate the remainder when 99*(32/q + -2) is divided by 23.
20
Calculate the remainder when (-14 + 13)*11*-3 is divided by 12.
9
Suppose 2*f + 2*k - 40 = 44, 3*k + 3 = 0. Let u = f + -28. What is the remainder when u is divided by 3/(18/8)*6?
7
Let v be (-8)/(-2 + (-39)/(-18)). Let g = 79 + v. What is the remainder when g is divided by 16?
15
Let y(b) = -b - 2. Let w = -2 + 4. Suppose 3*x - 26 = -w. Calculate the remainder when x is divided by y(-5).
2
Let t(v) = -v**3 + v. Let g be t(1). Suppose 0 = 2*z + 3*s + 2*s - 28, z + 5*s - 24 = g. Calculate the remainder when z is divided by 2.
0
Suppose 0 = -5*s + 9 - 4. What is the remainder when 42 is divided by -11*((s - 0) + -2)?
9
Suppose -5*g + 4*g = 5*w + 15, -5*g - w + 45 = 0. What is the remainder when 19 is divided by g?
9
Let j(t) be the second derivative of -3*t**5/10 - t**4/3 - 2*t**3/3 - 3*t**2/2 - 3*t. Calculate the remainder when j(-2) is divided by 12 - 1*(-1 + 0).
11
Let z(h) = -3*h**2 - h**3 - 2*h**2 - 4*h + 0*h**2 + 7. Calculate the remainder when z(-5) is divided by 15.
12
Suppose 51 = 4*a + 11. Suppose z - 2 = 15. Calculate the remainder when z is divided by a.
7
Suppose 54 = 4*l - 278. Let z = -24 + l. Suppose 2*r - 60 = -r. Calculate the remainder when z is divided by r.
19
Let g = -9 + 24. Suppose g = -i + 68. What is the remainder when i is divided by 18?
17
Let x = 456 - 272. What is the remainder when x/4*(0 + 1) is divided by 12?
10
Let y(t) = 5*t + t**2 - 11 + 11. Let d be y(-5). Suppose 2*z + 3*c = -d*z + 9, -4*z = -4*c - 8. What is the remainder when 3 is divided by z?
0
Let p(h) = 4*h - 7. What is the remainder when 15 is divided by p(3)?
0
Suppose 0 = q - 6*q + 10. Calculate the remainder when 4 is divided by q.
0
Suppose -h - 1 = -7. Let z(n) = -n**2 + 5*n + 11. Suppose t + 4 = -u - t, 0 = 3*u + 4*t + 4. What is the remainder when z(h) is divided by u?
1
Let c = -16 - -10. Let i be c/(-4)*(-40)/15. Let r = i - -9. What is the remainder when 13 is divided by r?
3
Suppose -2*l + 2*y + 144 = -2, 2*y - 88 = -l. Calculate the remainder when l is divided by 16.
14
What is the remainder when 27040/224 - (-2)/7 is divided by 31?
28
Suppose -3*v + 8*c = 7*c - 161, 3*c = -6. Calculate the remainder when v is divided by 19.
15
Let f = -208 + 415. What is the remainder when f is divided by 71?
65
Suppose 10 = -3*g - 2, 5*g + 12 = -4*f. Suppose 5*i - 411 = c, 2*c + 166 = f*i - 0*c. Calculate the remainder when i is divided by 21.
19
Let o = 44 - 11. Calculate the remainder when o is divided by 7.
5
Suppose -4*f = -2*y + 48, -y = 2*y + f - 51. Suppose -2*c = 5*a + 17, -a - 2 + 1 = c. What is the remainder when ((-102)/c)/((-6)/8) is divided by y?
16
Let z(j) be the second derivative of -j**4/12 + 5*j**3/6 + j**2 + 6*j. Calculate the remainder when 12 is divided by z(3).
4
Let v = 7 + -2. Suppose v = y - 5. Calculate the remainder when 29 is divided by y.
9
Let t = -1 - -3. Suppose t*f - 51 = -f. What is the remainder when f is divided by 9?
8
Suppose 2*p + 2 = 5*q, -5*q + 6*p - 5*p = -1. Suppose 0*k - k + 28 = q. Calculate the remainder when k is divided by 10.
8
Let o(m) = -4*m + 2. Let i(n) = -3*n + 12. Let r be i(6). Let z = 12 - -2. Calculate the remainder when o(r) is divided by z.
12
Suppose 4*u + s = 44, 5*u + s - 56 = -0*s. Calculate the remainder when 21 is divided by u.
9
Suppose 44*p - 48*p = -72. What is the remainder when 25 is divided by p?
7
Let q(g) = g**3 - 10*g**2 + 10*g - 3. Calculate the remainder when 88 is divided by q(9).
4
Let q(g) = g**2 - 4*g - 10. What is the remainder when q(-5) is divided by 18?
17
Let x(s) = 6*s**3 - 1. Let t be x(1). Let f = 13 - t. Calculate the remainder when 14 is divided by f.
6
Let t = -2 - -33. Calculate the remainder when 58 is divided by t/2 - (-3)/(-6).
13
Let v(y) = y**2 + 2*y - 5. Let z(t) = -t + 6. Let j be z(11). Calculate the remainder when v(j) is divided by 3.
1
Let p(i) = -2 - 2*i + 7*i + 3 - i**2 + 2*i**2. What is the remainder when 12 is divided by p(-6)?
5
Let l = 139 - 50. Let w = l - 55. Suppose -19 = -m - 4*z + 1, 2*z - 16 = -m. Calculate the remainder when w is divided by m.
10
Let o = -79 - -144. Let i = 42 - 25. Calculate the remainder when o is divided by i.
14
Let x(z) = -3*z**3 + 2*z + 1. What is the remainder when 39 is divided by x(-2)?
18
Let w = 2 - 10. Let s be ((-33)/2)/(6/w). Suppose 2*v - 4*v + s = -2*f, f + 47 = 5*v. What is the remainder when 34 is divided by v?
7
Let a = -30 - -80. What is the remainder when a is divided by 17?
16
Let l(v) = 3*v - 8. Let g be l(9). Suppose 3*z = -3*n - g + 145, 4*z = 2*n - 54. Let a = 54 - n. What is the remainder when a is divided by 6?
5
Let k = 7 + 9. Calculate the remainder when 30 is divided by k.
14
Let u(q) = -2*q - 15. Let f(t) = -t**2 - 3*t - 6. Suppose 2*z = 6*z - x + 20, z + x = 0. Let s be f(z). Calculate the remainder when 13 is divided by u(s).
3
Suppose -2*w + 34 = -5*h, -5*w - 6*h + 54 = -3*h. What is the remainder when 31 is divided by w?
7
Let o be 0/(3 + 0) - 0. Suppose o = 5*k, 3*w = -7*k + 2*k + 39. What is the remainder when 25 is divided by w?
12
Let f = 8 + -1. Suppose f*l = 2*l - 3*w + 179, -w + 173 = 5*l. What is the remainder when l is divided by 12?
10
Suppose 0 = 3*w + 24 + 12. Let g = w + 14. What is the remainder when 2 is divided by g?
0
Let f(m) = -m**3 + 8*m**2 + 3. Let i be f(8). Suppose 2*v = -2*n + 58, 3*v + n - 91 = -i*n. Calculate the remainder when v is divided by 7.
4
Suppose 26 = 2*c - 4. Calculate the remainder when c is divided by -2 - 4*(-2 + 0).
3
Suppose 11 = 5*o + 1. Suppose 0 = -3*n - 2*h + 116, -5*n = -o*n - h - 122. What is the remainder when n is divided by 14?
12
Suppose c + 5*o + 5 = 0, o = -3*c + 3*o + 2. Suppose u + 1 - 3 = c. Calculate the remainder when 2 is divided by u.
0
Suppose 4*l - 2*g + 3*g - 58 = 0, -2*l = -2*g - 34. Let y = 4 + l. Let i = 185 + -129. Calculate the remainder when i is divided by y.
18
Let l = 16 + -4. Let r be (-80)/(-12)*l/10. Suppose -r*s + 50 = -3*s. Calculate the remainder when s is divided by 4.
2
Suppose -2*i = -355 + 39. Calculate the remainder when i is divided by 40.
38
Suppose 519 = 3*q + 4*b, -3*q + 2*b + 510 = 3*b. What is the remainder when q is divided by 43?
40
Let x = 46 + -40. Calculate the remainder when 13 is divided by x.
1
Let q(y) = -y - 5. Let f(n) = -1. Let m(o) = 21*f(o) - 3*q(o). What is the remainder when 24 is divided by m(5)?
6
Suppose -4*z = -41 - 79. What is the remainder when z is divided by 8?
6
Let l be (-4)/7 + 50/14. Suppose 3*s - 4*s - l*g - 11 = 0, 2*s + 5*g = -17. Suppose -13 + 2 = -q. Calculate the remainder when q is divided by s.
3
Suppose -3*b - 15 = -63. What is the remainder when 30 is divided by b?
14
Let y = 40 - -43. Calculate the remainder when y is divided by 21.
20
What is the remainder when 23 is divided by (-1287)/(-77) + 1/(7/2)?
6
Suppose 3 = a, 3*j + 2*j + 2 = 4*a. Calculate the remainder when 3 is divided by j.
1
Let f(l) = l**2 + 2*l. Calculate the remainder when 51 is divided by f(-5).
6
Let h(s) = s + 5. Let t(y) = -y**3 - 7*y**2 - 7*y - 9. 